 + 26. Let p(j) = -3*j + 18. Let g(v) = -2*n(v) + 3*p(v). What is g(-2)?
0
Let i(w) = -2*w**3 - 12*w**2 + 5*w + 18. Suppose -45*y + 151 - 254 = 167. Give i(y).
-12
Let q = 1 - 5. Let i(c) be the third derivative of c**4/8 + 16*c**3/3 + 2*c**2 - 25*c. Let p(d) = d + 11. Let h(t) = q*i(t) + 11*p(t). Calculate h(-7).
0
Let o(k) = 7*k. Let u(n) = 2*n - n + 14*n + 1 - 2. Let b(x) = -7*o(x) + 3*u(x). Let l = -542 - -539. Calculate b(l).
9
Let a(d) = -23*d + 33*d + 4 - 11*d. Determine a(20).
-16
Suppose -1 = -2*d + 23. Suppose 0 = -3*f + 5*b + d, 4*f - 2*b = -f + 39. Suppose n - f*n = -24. Let q(r) = r**3 - r**2 - 5*r + 3. What is q(n)?
6
Let b(v) = -13*v**2 - 23*v + 34. Let t(a) = -7*a**2 - 12*a + 18. Let r = -37 + 31. Let h(n) = r*b(n) + 11*t(n). Determine h(-7).
1
Let i = -4300 - -4310. Let d(q) = 9*q - 6*q + 7*q - q**2 + 8. Calculate d(i).
8
Let w(h) = -h**3 + 14*h**2 - 14*h + 7. Let a be w(13). Let y be 1 + 5 + a + 1. Let d(x) = 2*x**2 - 3*x + 3*x**3 + 2*x + 1 + 0*x + y. Determine d(-2).
-12
Let x = 51 - -1. Let w(b) = 19*b**2 + 11*b - 2. Let c be w(-2). Let h(t) = -c - t**2 + x. What is h(3)?
-9
Let f(h) = h**3 + 4*h**2 - 19*h + 3. Suppose -8*g - 44 = -4*g + 4*j, -9 = -g + 4*j. Calculate f(g).
-11
Suppose 36 - 8 = -5*l - 3*p, 5*p - 4 = -2*l. Let k(w) = w**3 + 10*w**2 + 18*w + 24. Calculate k(l).
8
Let w(r) = -3*r**3 - 2*r + 1. Suppose 52*g - 56*g = -20. Suppose g*u - 7*u = 10, 0 = m + 2*u + 8. Calculate w(m).
-27
Let g(z) = 6 - z**2 + z**3 - 6*z**2 + 7*z - z**2. Let n = 107 + -80. Suppose 4*y + 2*a - 48 = -3*a, 5*a = -y + n. Calculate g(y).
6
Let q(r) = r**2 - 2*r - 4. Let c be 10 - 768/132 - (-4)/(-22). Let y be q(c). Let i(u) = -u**2 + 4*u - 1. Determine i(y).
-1
Let t(y) = y**3 - 4*y**2 - 5*y - 2. Suppose -183 + 215 = 4*g - 4*x, 29 = 4*g - 3*x. What is t(g)?
-2
Let y(w) = -w**3 - 10*w**2 - 2*w + 21. Let b be (-5)/(-60)*36*-3. Determine y(b).
-42
Let t(p) = -2*p**3 - 2*p**2 + 3*p**2 - 8 - 22*p + 9*p**2 + p**3 + 3*p**2. Determine t(11).
-8
Let j(x) = x**2 - 43*x + 15. Let f be (-2 - 772)*(-30)/540. Calculate j(f).
15
Let v = 6952 + -6988. Let x(i) = 8*i + 288. What is x(v)?
0
Suppose 0 = -4*g + 3*k + 1, -5*k = 81376 - 81381. Let z(b) = 3 - 1 - 9*b + 23*b. What is z(g)?
16
Suppose 410*f - 1200 = 560*f. Let t(o) = -3*o - 24. Determine t(f).
0
Let g(t) = 2*t**3 - t**2 + t + 1. Let l(f) = 9*f**3 - 11*f**2 + 12*f + 1. Let y(r) = 4*g(r) - l(r). Suppose -85 = 4*b + b. Let z = -12 - b. Give y(z).
13
Let u(z) = -95 + 180 - 124 - 2*z. Calculate u(-20).
1
Suppose -5*i + 2*p = -2*p + 3, 0 = 3*i - 2*p + 3. Let j(m) = 71*m - 88 - 93 - 29*m + 183 - 35*m. Give j(i).
-19
Let y(s) = -7*s - 9. Suppose 2*a = -3*f - 24, -a - 10*f - 27 = -6*f. What is y(a)?
12
Let y(r) = r**2 + 1. Let x be 20 - (2 + 8 + -5). Let s be ((-1)/(-3))/(1/x). Determine y(s).
26
Let k(u) be the third derivative of u**6/120 + u**5/12 - u**4/3 - 11*u**3/6 - 28*u**2. Let m be k(-6). Let z(d) = -2*d**2 - d + 1. Give z(m).
-2
Let c(l) = 4*l - 69. Let r(n) = -4*n + 84. Let i(y) = -6*c(y) - 5*r(y). Determine i(-21).
78
Let o(j) = -10*j**2 - j - 2. Let f be -4 - ((-96)/12 + 30/5). Calculate o(f).
-40
Let m(k) be the second derivative of -k**3/3 - 18*k**2 + 6*k - 520. Determine m(-15).
-6
Let b(d) = 27 - 20 + 5*d - 6*d + 0*d. Let k(v) = v**3 + 6*v**2 + 4*v - 11. Let p be k(-5). Give b(p).
13
Let z(c) = 4. Let g(t) = -t + 5. Let s = -23 + 25. Suppose 0 = b - 2*w + 1, -4*w + 10 = s*b - 2*w. Let k(j) = b*z(j) - 2*g(j). What is k(3)?
8
Let k(i) = 0*i**2 - 121*i + 125*i - i**2 + 1. Let u(n) = 7*n - 19. Let j(o) = -4*o + 10. Let t(d) = -5*j(d) - 3*u(d). Let g be t(5). Give k(g).
5
Let q(j) = -5*j - 48. Let n be q(-10). Suppose n = -t + 3. Let i(x) = x**2 - x + 1. What is i(t)?
1
Let v = -8388 - -8395. Let q(t) = -t**2 + 22. Determine q(v).
-27
Let h(l) = -l - 5. Let m be h(-8). Suppose 4 = -c + m*c. Let r(q) = -4 - q**c + 5 + q - 1 + 8*q**3. What is r(1)?
8
Let g(n) = -n + 5. Let y be g(3). Suppose -5*p + 4*z = -3 - y, -10 = -4*p + 2*z. Let f(t) = -p*t**3 + 2 - t + 2*t**3 + 4*t**3. Determine f(-2).
-4
Let p(i) = -i - 2. Let u(c) = -12*c + 5. Let y(m) = 86*m - 34. Let f(o) = 44*u(o) + 6*y(o). Let l(w) = -f(w) - 8*p(w). Give l(1).
20
Let r(n) = -2*n**3 + 2*n + 3. Let i be r(0). Let y(z) = -12*z**2 + 19*z**2 + 7 - 1 + 2*z + z**i. Calculate y(-7).
-8
Suppose -5*r = -2*w - 7657, 8*r - 3*w - 6120 = 4*r. Suppose -1573 = 4*n - r. Let o(u) = -u**2 - 10*u + 7. Determine o(n).
7
Let n be 4 + 4*(-1)/(-2). Let i(m) be the third derivative of -m**4/8 - m**3/3 - 1213*m**2 + 13*m. Calculate i(n).
-20
Suppose -3*o + 30*p - 5 = 32*p, -4*p = -3*o + 19. Let u(t) = -o + 5*t + 3 - 4 + 7. Give u(-3).
-10
Let h(w) = 6*w**2 + 6*w + 4. Let x(j) = -j**2 - 4*j - 4. Let z(b) = h(b) + 5*x(b). Calculate z(7).
-65
Let m(o) = -o**3 - 18*o**2 + 118*o + 1871. Let b be m(-19). Let z(d) = d**2 - d - 1. Let i(t) = -5*t**2 + 16*t + 5. Let j(v) = -i(v) - 6*z(v). What is j(b)?
1
Let x(t) = 4*t - t + 12 + 4*t - 11*t + 11*t - t**2. Calculate x(9).
-6
Let q(b) = b**2 + 88*b - 661. Let g be q(7). Let r(h) be the third derivative of h**4/24 + h**3/2 + 6*h**2. What is r(g)?
7
Let m = -46 + 23. Let o = -21 - m. Let x(v) = 5*v + 4*v - 6*v + 5*v**o + 1 + v**3. What is x(-3)?
10
Let o(i) be the first derivative of -33*i**4/4 + 4*i**3/3 + i**2 + i + 4242. What is o(-1)?
36
Let l(u) be the first derivative of -u**4/4 - 5*u + 2. Let s = -1617 - -1617. What is l(s)?
-5
Let k(a) = -20*a**2 - 34*a + 26. Let x(u) = -9*u**2 - 19*u + 10. Let c(s) = -4*k(s) + 9*x(s). What is c(-35)?
-14
Suppose 13*b - 6 = 14*b + 4*u, 2*b = 3*u + 10. Suppose 6*l - b*l = -20. Let y(k) = k**3 + 6*k**2 + 6*k - 5. Determine y(l).
-10
Let v(q) be the first derivative of -q**4/4 - 2*q**3 - q**2 + 13*q - 1443. What is v(-5)?
-2
Let d(m) be the first derivative of m**2/2 + 46*m - 2420. Calculate d(-18).
28
Let t(p) = -3*p**2 - 4*p - 3. Let k(f) = -40*f - 199. Let g be k(-5). Let z(s) = s**2 + s. Let c(l) = g*t(l) + 4*z(l). What is c(-4)?
13
Let l(k) be the third derivative of -k**7/840 + k**6/360 - k**5/120 + k**4/12 - 32*k**3/3 - 14*k**2. Let j(o) be the first derivative of l(o). Determine j(2).
-4
Let g(k) = -4 + 8 + 50*k + 43*k - k**2 + 51*k - 146*k. Suppose 0 = -2*m - 10, 2*f - 17 = 3*f + 4*m. What is g(f)?
-11
Let z(y) = 2*y**2 + 6*y - 15. Let r be 22/(-6) - 508/381. Give z(r).
5
Let d = 10 + -15. Let f(x) be the third derivative of 0*x - 1/2*x**3 + 13*x**2 + 0 - 1/24*x**4. Give f(d).
2
Let w(x) = -x**3 - 4*x**2 + 8*x + 16. Let f be w(-5). Let z(o) = 2*o**2 - 3*o + 1. Let c be z(f). Let v(l) = c*l**2 + 11 - 3*l - 15 - l**2 - 3*l. Give v(-6).
-4
Let y(u) = 3*u**3 + 54*u**2 + 7*u. Let d(i) = -23*i**2 - 2*i. Let h(r) = -3*d(r) - y(r). Determine h(5).
-5
Let z be (((-550)/20)/(-11))/(1/2). Suppose 0 = -4*u, -z*h + 4*h + 5*u = 5. Let k(y) = 3*y - 6. What is k(h)?
-21
Let d(r) = -r**3 - r + r - 3 + r**2. Let c = 17975 + -17975. Give d(c).
-3
Let g(k) = k**2. Let n = -448 + 443. Let a(v) = 2*v**2 + v. Let o(l) = n*g(l) + 3*a(l). Determine o(-4).
4
Suppose -9 = -3*u, -11 = 2*g - 3*u + 8. Let l(m) = 10*m - 11. Let d(z) = 11*z - 13. Let b(y) = 4*d(y) - 5*l(y). Determine b(g).
33
Let k(n) be the first derivative of -n**5/60 + n**4/12 + n**3/3 + 23*n**2/2 + 3*n - 70. Let m(q) be the second derivative of k(q). Give m(-3).
-13
Let y(v) be the third derivative of -v**5/60 + 59*v**4/24 + 85*v**3/2 - 3*v**2 + 2*v - 1258. What is y(63)?
3
Let d(m) = -4*m + 2*m + 19*m**2 + 7*m + 9*m + 5*m + 26 + m**3. Calculate d(-18).
8
Let k(b) be the second derivative of b**3/6 - 12*b**2 - 83*b + 8. What is k(8)?
-16
Let p(s) = -12*s**2 + 2*s + 1. Suppose 6*c + 0 - 1 = 5*c. Determine p(c).
-9
Let k(v) = -3*v**2 + v - 1. Let n be k(2). Let f(q) be the third derivative of -q**6/120 - q**5/5 - 11*q**4/24 + 7*q**3/6 - 206952*q**2. Determine f(n).
7
Let h be (0 + 0)*(-4)/(-8). Suppose 5*t + h = 5. Let n(w) = -344*w - 5*w**3 - 3347*w**2 - 1 + 0 + 3347*w**2 + 346*w. Give n(t).
-4
Let s be -5*(-3 - -2) + -174. Let r = -169 - s. Let k(b) = b**3 - b**2 - b + 6. Give k(r).
6
Let a(p) = 9*p**3 - p**2 + 0*p**3 + 7*p**2 - 10*p**3 - 2 + 4*p. Let f = 7 - 9. Let j be (f/5)/(26/(-455)). Determine a(j).
-23
Let k(w) = -20*w**2 - 6*w + 9. Let m(p) = -13*p**2 - 3*p + 6. Let u(i) = 5*k(i) - 8*m(i). Give u(-2).
25
Let j(c) = c**2 - 3*